Calculate the remainder when 1555622 is divided by 77780.
22
What is the remainder when 141288 is divided by 46988?
324
Calculate the remainder when 815581 is divided by 3944.
3117
What is the remainder when 174160 is divided by 1193?
1175
Calculate the remainder when 147084428 is divided by 20.
8
Calculate the remainder when 240819 is divided by 2642.
397
Calculate the remainder when 330463 is divided by 561.
34
What is the remainder when 5571354 is divided by 5571311?
43
Calculate the remainder when 81159 is divided by 30.
9
What is the remainder when 36334893 is divided by 122?
121
What is the remainder when 37604 is divided by 53?
27
Calculate the remainder when 610325 is divided by 135.
125
Calculate the remainder when 8949214 is divided by 2636.
2630
Calculate the remainder when 191131017 is divided by 60831.
15
What is the remainder when 313660899 is divided by 5705?
5704
Calculate the remainder when 37785509 is divided by 277.
216
What is the remainder when 609595 is divided by 251?
167
Calculate the remainder when 16059138 is divided by 1174.
1166
What is the remainder when 122049148 is divided by 109?
104
What is the remainder when 359023 is divided by 5190?
913
Calculate the remainder when 17569353 is divided by 1329.
1302
Calculate the remainder when 89753661 is divided by 66.
63
Calculate the remainder when 149009408 is divided by 40.
8
What is the remainder when 7957557 is divided by 40?
37
Calculate the remainder when 922742 is divided by 13702.
4708
Calculate the remainder when 1137375 is divided by 568433.
509
Calculate the remainder when 158473 is divided by 2589.
544
What is the remainder when 319643168 is divided by 3594?
3590
Calculate the remainder when 4413023 is divided by 672.
671
Calculate the remainder when 38905 is divided by 926.
13
What is the remainder when 1392444 is divided by 323?
314
Calculate the remainder when 206912 is divided by 29554.
34
What is the remainder when 663042173 is divided by 727?
725
What is the remainder when 76387392 is divided by 499?
472
What is the remainder when 231168 is divided by 271?
5
Calculate the remainder when 5411295 is divided by 140.
15
Calculate the remainder when 15881 is divided by 15861.
20
Calculate the remainder when 4098018 is divided by 8570.
1558
What is the remainder when 10635762 is divided by 2127129?
117
Calculate the remainder when 1388881 is divided by 1213.
1209
What is the remainder when 6306364 is divided by 1177?
1175
What is the remainder when 30037 is divided by 2077?
959
Calculate the remainder when 6689 is divided by 33.
23
What is the remainder when 11621 is divided by 462?
71
What is the remainder when 2779639 is divided by 84231?
16
What is the remainder when 365610 is divided by 3056?
1946
What is the remainder when 98768124 is divided by 86?
48
What is the remainder when 37148943 is divided by 5669?
5655
What is the remainder when 234233 is divided by 2069?
436
Calculate the remainder when 89134 is divided by 17651.
879
Calculate the remainder when 5262838 is divided by 4328.
4318
Calculate the remainder when 613976 is divided by 83.
25
What is the remainder when 13248500 is divided by 364?
356
Calculate the remainder when 919464 is divided by 30638.
324
Calculate the remainder when 73694 is divided by 8136.
470
Calculate the remainder when 294366815 is divided by 543.
542
What is the remainder when 2574047 is divided by 234002?
25
What is the remainder when 22028149 is divided by 28?
17
What is the remainder when 126976245 is divided by 378?
375
What is the remainder when 1964212 is divided by 11224?
12
What is the remainder when 423089 is divided by 4648?
121
What is the remainder when 41871 is divided by 19580?
2711
Calculate the remainder when 286426 is divided by 2894.
2814
Calculate the remainder when 405032 is divided by 26998.
62
Calculate the remainder when 252636923 is divided by 2309.
2306
Calculate the remainder when 208808 is divided by 208766.
42
Calculate the remainder when 80770 is divided by 1452.
910
Calculate the remainder when 23570195 is divided by 123.
74
Calculate the remainder when 334831254 is divided by 36.
6
Calculate the remainder when 759988 is divided by 31665.
28
What is the remainder when 3495907 is divided by 1196?
1195
What is the remainder when 215844 is divided by 233?
86
Calculate the remainder when 473690 is divided by 66.
8
Calculate the remainder when 159710 is divided by 1435.
425
What is the remainder when 2266005 is divided by 489?
468
Calculate the remainder when 1437235 is divided by 1059.
172
Calculate the remainder when 6654484 is divided by 1441.
1387
Calculate the remainder when 43160 is divided by 53.
18
Calculate the remainder when 3496401 is divided by 26.
25
Calculate the remainder when 3020144 is divided by 1510068.
8
What is the remainder when 10548330 is divided by 1865?
1755
What is the remainder when 760403 is divided by 13?
7
What is the remainder when 2278157 is divided by 4?
1
What is the remainder when 53498435 is divided by 31?
30
Calculate the remainder when 273916 is divided by 10504.
812
Calculate the remainder when 4469618 is divided by 1144.
10
What is the remainder when 3508151 is divided by 9116?
7607
Calculate the remainder when 531613 is divided by 176979.
676
Calculate the remainder when 1133778 is divided by 728.
282
Calculate the remainder when 21072137 is divided by 225.
212
What is the remainder when 3282932 is divided by 410361?
44
Calculate the remainder when 481967 is divided by 1324.
31
What is the remainder when 1994256 is divided by 1994046?
210
What is the remainder when 83045 is divided by 1259?
1210
What is the remainder when 1516650 is divided by 3331?
1045
What is the remainder when 2252497 is divided by 2?
1
What is the remainder when 2247804 is divided by 39435?
9
Calculate the remainder when 473419 is divided by 52557.
406
What is the remainder when 445327 is divided by 4539?
505
What is the remainder when 1236916 is divided by 618420?
76
Calculate the remainder when 265624913 is divided by 132812452.
9
Calculate the remainder when 43457154 is divided by 804762.
6
What is the remainder when 7746485 is divided by 3480?
5
Calculate the remainder when 92908021 is divided by 605.
591
Calculate the remainder when 12243653 is divided by 15.
8
Calculate the remainder when 25530057 is divided by 86.
11
What is the remainder when 812085 is divided by 136?
29
What is the remainder when 2404929 is divided by 171765?
219
What is the remainder when 507337 is divided by 3650?
3637
What is the remainder when 953894 is divided by 112?
102
Calculate the remainder when 6072805 is divided by 7.
4
What is the remainder when 2838631 is divided by 946200?
31
Calculate the remainder when 476608 is divided by 1077.
574
Calculate the remainder when 2164627 is divided by 376.
371
Calculate the remainder when 84786924 is divided by 823174.
2
What is the remainder when 3529546 is divided by 62?
10
Calculate the remainder when 902171 is divided by 13669.
17
What is the remainder when 2151135 is divided by 2823?
9
Calculate the remainder when 7417883 is divided by 7417557.
326
Calculate the remainder when 439557 is divided by 202.
5
What is the remainder when 870342 is divided by 2745?
177
What is the remainder when 1040672 is divided by 4318?
34
Calculate the remainder when 832001 is divided by 44.
5
What is the remainder when 1434140 is divided by 1005?
5
What is the remainder when 6871482 is divided by 92?
2
What is the remainder when 768553 is divided by 768399?
154
Calculate the remainder when 747918 is divided by 149.
87
Calculate the remainder when 94301 is divided by 4680.
701
Calculate the remainder when 29434631 is divided by 1212.
1211
Calculate the remainder when 141841 is divided by 550.
491
Calculate the remainder when 25483 is divided by 11144.
3195
What is the remainder when 5044490 is divided by 840694?
326
Calculate the remainder when 12431759 is divided by 6244.
6199
What is the remainder when 70983 is divided by 4144?
535
What is the remainder when 53387 is divided by 594?
521
Calculate the remainder when 36597333 is divided by 2815177.
32
Calculate the remainder when 102781 is divided by 25685.
41
Calculate the remainder when 26063484 is divided by 44.
40
What i